 t = b - 9. Suppose -2*u = -t*u + v + 6, -u = 4*v + 14. What is the units digit of u?
2
Suppose -5*i - 2*q + 136 = -203, i - 77 = -5*q. What is the units digit of i?
7
Let j be -4*(1 - (-47)/4). Let x be -10*(-32)/(-40) - 10. Let r = x - j. What is the units digit of r?
3
What is the units digit of 14/49 - 7636/(-28)?
3
Let a = -12 + 14. Suppose -a*h - 4 + 8 = 0. Suppose 20 = -0*j + h*j. What is the tens digit of j?
1
Suppose -96*c + 94*c = -1856. What is the hundreds digit of c?
9
What is the tens digit of (-1)/(9/417)*-6?
7
Let y = -558 + 1014. Suppose 0 = -3*a + 10*q - 11*q + y, 4*a = -3*q + 608. What is the units digit of a?
2
Suppose 0*m = 4*f + m - 17, -5*m + 21 = 4*f. Suppose 5*d - j = f + 10, 4*j + 14 = -d. Suppose 3 = -d*g + 3*g. What is the units digit of g?
3
Let t be ((-2)/4)/((-51)/(-26) - 2). Suppose 3*g = -t + 64. What is the units digit of g?
7
Let j be (-8)/(-4 + (-98)/(-24)). Let d = -39 - j. What is the units digit of d?
7
Suppose -3*j - 17 - 4 = 0. Let w be (-1050)/j - (1 - 5). Let b = -110 + w. What is the tens digit of b?
4
What is the units digit of (-1 - 55/(-20))*596?
3
Let z(q) = 3*q**2 - 21*q + 75. What is the tens digit of z(45)?
0
Let o(s) = s**2 + 3*s - 1. Let z be o(-3). What is the hundreds digit of (0/(-1))/z - -108?
1
Let b = 42 + -27. Suppose 5*p = -2*o + p - 28, 5*o + 2*p = -54. Let u = b - o. What is the units digit of u?
5
Suppose -15*p + 14*p + 292 = 0. What is the hundreds digit of p?
2
Let n = -3916 - -6201. What is the thousands digit of n?
2
Suppose 5*u - 5987 = -6*l + 10*l, u = -3*l + 1205. What is the thousands digit of u?
1
Suppose 2*w = -4*b - 936 + 5286, 3*b - 3*w - 3267 = 0. What is the thousands digit of b?
1
Let d = -174 - -118. Let g = -38 - d. Let s = g + -14. What is the units digit of s?
4
Suppose -9 = 2*c - 5*s - 60, -s - 139 = -5*c. Let g be (0/(-2))/((-11)/((-88)/(-24))). What is the tens digit of -1 - (-1*c + g)?
2
Suppose -4*o - 2*v + 70 = 0, 5*o = -3*v + 13 + 77. What is the units digit of (-5 + o/(-3))/(4/(-50))?
5
Let k = 3087 - 2167. What is the tens digit of k?
2
Suppose 5*d - 80 = 30. Suppose -d = -3*v + 95. What is the tens digit of v?
3
Suppose 4*r - 536 = 384. Let v = -70 + r. What is the tens digit of v?
6
Let f = 418 + -335. What is the units digit of f?
3
Suppose 0 = -13*h + 1336 + 4150. What is the units digit of h?
2
Suppose -156 = 14*z - 380. What is the units digit of z?
6
Suppose -2*t = -17 - 13. Let r = t - 11. Suppose 5*b - a - 4 = 0, -a = -2*b + r - 3. What is the units digit of b?
1
Suppose -89235 = -89*c + 149018. What is the units digit of c?
7
Let s(y) = 130*y - 154. What is the tens digit of s(24)?
6
Let h(u) = -11*u + 2. Let y be h(3). Let v be 556/8 - (3/2 - 1). Let w = y + v. What is the units digit of w?
8
Let x(k) be the second derivative of k**4/12 + 5*k**3/6 - 9*k**2/2 - 5*k. Let z be x(-9). Suppose 2*r + r = z. What is the units digit of r?
9
What is the units digit of (-6)/(-4)*182/3?
1
Suppose p = -3*p + 756. Suppose s - f - 46 = 0, 3*f = -s + 5*s - p. What is the units digit of s?
1
Suppose -3*r - 89 = -350. Suppose 71*f - 70*f - r = 0. What is the tens digit of f?
8
Suppose 2176 + 44 = 2*b. What is the units digit of b?
0
Let r(m) be the second derivative of m**5/60 - m**4/8 + 2*m**3/3 + m**2 + 2*m. Let k(g) be the first derivative of r(g). What is the units digit of k(4)?
8
Suppose -q - 21 = -5*v, -7 - 1 = -2*q. Suppose 0 = -v*w - 0*w + 10. Suppose 0*d = w*d - 58. What is the tens digit of d?
2
Suppose -5*f = -0*f - 3*r + 25, 0 = f + 5*r - 23. Let a = 2 + f. Suppose a = 4*k - 3*p - 31, 3*p + p + 8 = -3*k. What is the units digit of k?
4
Let q(m) = 11*m**2 + 2*m - 5. Let u(w) = -5*w**2 + 33*w - 15. Let n be u(6). What is the units digit of q(n)?
0
Let s = 46 - 31. Let d = s + -10. What is the units digit of (d/(-15))/(2/(-18))?
3
Let q(y) = -37*y - 1. What is the units digit of q(-13)?
0
Let r(q) = 12 + 4*q + 4 - 10*q + 5*q. Let o be r(9). Suppose -b = -o - 7. What is the units digit of b?
4
Suppose -2*z - 2*z + 4 = -2*x, -5*x = -2*z + 2. Let p be (x - 2) + -1 + 3. Suppose -3*a + 9 + 6 = p. What is the units digit of a?
5
Let n = 11451 - 5520. What is the thousands digit of n?
5
Let q = 1040 + -257. What is the units digit of q?
3
Let b(w) = -1. Let v(o) = -o. Let i(g) = -6*b(g) - v(g). Let u be 0/(-5)*((-6)/(-4) + -2). What is the units digit of i(u)?
6
Suppose -2*n = 3*n - 505. What is the units digit of n?
1
Suppose 4 = -4*n, 5*l + 9*n - 5*n = 2106. What is the units digit of l?
2
Let i be 3 + 12*(24/4 + -3). Let x = i - -42. What is the tens digit of x?
8
Let t(l) = 6*l**2 - 30*l - 289. What is the hundreds digit of t(-11)?
7
Let z(y) = 9*y**2 - y - 3. Suppose 5*s + 20 = 5*h, -2*s + 4 = 4*h - 0*h. What is the units digit of z(h)?
1
Let n(v) = 7*v + 11. Let q(l) = -l - 1. Let d(c) = -n(c) - 6*q(c). Let r = -12 + 5. What is the units digit of d(r)?
2
What is the hundreds digit of (3086/3)/((-14)/(-21))?
5
Let n(v) = 2*v**2 - 13*v - 77. What is the tens digit of n(-8)?
5
Suppose 8*j + 620 - 8532 = 0. What is the hundreds digit of j?
9
Suppose -3*g = 2*c + g, -3*g = 2*c - 1. Suppose -3*b - l - 3*l = -95, -3*b + 119 = -c*l. What is the tens digit of b?
3
Let q be (4/(-6))/((-3)/108). Let u(m) = -m**3 + 2*m + 45. Let v be u(0). Let n = v + q. What is the units digit of n?
9
Let p = -9 - -14. Suppose -p = -i - 5*o - 0, 4*o = 2*i - 10. Suppose i*b - 145 = -2*m, -5 = -4*b - 5*m + 111. What is the units digit of b?
9
What is the units digit of (-34)/(-289) + ((-1817)/(-17) - 0)?
7
Let j = -3077 - -5650. What is the hundreds digit of j?
5
Suppose 0 = 2*p + 6*p + 96. Let o(f) = -f**3 - 12*f**2 - 5*f - 14. What is the units digit of o(p)?
6
Let u(i) = -i**2 + 6*i - 2. Let h be u(5). Suppose 9 = 3*s + 3*r, h*r = s + 8*r + 1. Suppose m + 3 = s*m. What is the units digit of m?
1
Let v = 274 + -155. Let g = v + -86. What is the tens digit of g?
3
Suppose 21*r - 6015 = 894. What is the tens digit of r?
2
Let h(z) = 13*z**2 + 8*z + 3. Let x be h(-5). Let i = x + -145. What is the units digit of i?
3
What is the units digit of (-29793)/(-33) + (42/(-33))/(-7)?
3
Let i(o) = 188*o**3 + 5*o**2 - 15*o + 13. What is the units digit of i(3)?
9
Let b = -6 + 14. Let f be b*-1*(-6)/12. Suppose -3 = -g - w + 8, f*g = -w + 47. What is the tens digit of g?
1
Suppose 2*c - 6*c + 424 = 0. Suppose 0 = 4*r - 5*d - 29 - c, 0 = -4*d - 12. Suppose 0*k - k - 14 = -2*l, k = 4*l - r. What is the units digit of l?
8
Let y = 16 + -39. Let q = y + 62. Let h = q + -20. What is the tens digit of h?
1
Suppose 0 = -5*q + 5*r + 35, -3*r - 14 = -2*q + 4. Suppose -24 = -q*o + 18. Suppose 4*z = 34 + o. What is the tens digit of z?
1
Let p(u) = -u**2 + 6*u + 10. Let s be p(7). Suppose -5*f + 209 = -k - 0*k, f + k = 43. Suppose 4*a = -2*b + 36, s*b - b - f = -2*a. What is the tens digit of b?
2
Let v = -149 - -249. What is the tens digit of v?
0
Let n = -64 + 69. What is the units digit of n?
5
Let w = -157 + 278. What is the tens digit of w?
2
Let m(o) = -28*o - 130. What is the units digit of m(-7)?
6
Let n(r) = 34*r**3 + r**2 - 14*r + 2. What is the tens digit of n(3)?
8
Let s(p) = 385*p**2 + 2. What is the tens digit of s(1)?
8
Suppose 649*a = 651*a - 922. What is the hundreds digit of a?
4
Let z(r) = -2*r - 2. Let l be z(-4). Suppose -9*v = -l*v - 6. What is the tens digit of 4 - (-1 - v - 59)?
6
Let u = -64 + 71. Suppose -8*d + 40 = -u*d. What is the units digit of d?
0
What is the units digit of -6 + 4 - (-340 - -4)?
4
What is the tens digit of (-1)/5 + (7263/(-5))/(-3)?
8
Let b(s) = s**3 + 18*s**2 + s + 22. Let g be b(-18). Let x(w) = -2*w**3 + 3*w**3 - 2*w**3 + 4 + 4*w + 5*w**2. What is the units digit of x(g)?
6
Suppose 2*t = 12*t - 1790. What is the tens digit of t?
7
Let p(x) = 2*x - 28. Let d be p(16). Suppose 2*m = h + 148, 2*h - d = -0. What is the tens digit of m?
7
Let f(c) = c**3 + 35*c**2 + 23*c + 42. What is the units digit of f(-33)?
1
Let y(c) = 4*c**2 + 3*c - 37. What is the hundreds digit of y(7)?
1
Let j = 2031 + -956. What is the units digit of j?
5
Suppose 3 - 21 = -3*j. Let i = 115 - 55. Suppose j*q = q + i. What is the units digit of q?
2
Suppose 3*s + 90 = -2*s. Let k be (-4)/s + 585/(-81). What is the tens digit of (54/k)/(21/(-196))?
7
Let m(u) = u**2 + 10*u + 1